4. What is a(-29)?
14
Let q(h) = 7*h**3. What is q(-1)?
-7
Let h(w) = -w**3 + 2*w**2 + 9*w - 1. What is h(4)?
3
Let p(b) = -34*b - 160. What is p(-5)?
10
Let i(t) = -t**3 + 4*t**2 + t + 12. What is i(5)?
-8
Let o(r) = 78*r - 162. What is o(2)?
-6
Let p(r) = -5*r + 41. What is p(0)?
41
Let k(g) = g**3 - 16*g**2 + 16*g - 13. Give k(15).
2
Let c(i) = i**2 + 49*i - 91. Give c(-51).
11
Let y(i) = i**2 - 10*i - 6. Determine y(9).
-15
Let f(s) = -s**3 - 7*s**2 - 11*s + 8. Give f(-4).
4
Let t(j) = -3*j + 38. Calculate t(12).
2
Let m(h) = -15*h - 49. Calculate m(8).
-169
Let m(y) = -y**3 - 2*y**2 + y - 3. Calculate m(-4).
25
Let b(d) = -d**3 - 3*d**2 + 3*d + 3. Give b(-3).
-6
Let x(r) = -r**2 + 13*r - 20. Give x(11).
2
Let p(n) = 21*n + 88. Give p(-4).
4
Let n(b) = b**3 + 5*b**2 - 2*b - 3. What is n(-4)?
21
Let r(k) = -k**3 + 12*k + 1. Determine r(3).
10
Let w(t) = -t**3 + 14*t**2 - 11*t - 20. Determine w(13).
6
Let c(q) = -q**3 - 8*q**2 + 2*q + 14. What is c(-8)?
-2
Let k(d) = -d**3 + 2*d**2 + 2*d + 3. Determine k(-3).
42
Let x(h) = -h**3 - 10*h**2 - 13*h + 9. Determine x(-8).
-15
Let d(p) = -2*p - 6. Give d(4).
-14
Let q(x) = -x**3 - 3*x**2 + 13*x + 4. What is q(-5)?
-11
Let t(s) = -3*s + 9. What is t(-5)?
24
Let d(f) = f**3 + 20*f**2 + 16*f - 67. Give d(-19).
-10
Let p(m) = -2*m**2 - m + 67. Give p(7).
-38
Let n(k) = -4*k**2 - 9*k + 16. Determine n(-5).
-39
Let o(g) = g**2 - 6*g. Determine o(6).
0
Let m(c) = c**2 + c + 1. Determine m(2).
7
Let k(h) = 21*h**3 + 2*h**2 - 1. Determine k(1).
22
Let a(d) = d**3 + 20*d**2 - 98*d. What is a(4)?
-8
Let o(l) = -8*l - 411. Give o(-51).
-3
Let g(f) = f**2 - 6*f - 5. Calculate g(6).
-5
Let j(s) = -3*s - 4. Calculate j(-2).
2
Let y(s) = -s. Give y(-8).
8
Let d(z) = -6*z + 75. Calculate d(12).
3
Let g(v) = 2*v**2 + v - 31. What is g(-5)?
14
Let j(r) = -2*r**3 + 3*r**2 + 4*r + 1. Give j(3).
-14
Let g(r) = r**2 - 5*r + 2. Give g(6).
8
Let m(p) = -2*p**3 + 44*p**2 + 3*p - 53. Give m(22).
13
Let l(q) = q**2 + 17*q + 1. Give l(-17).
1
Let x(h) = h**2 - 24*h + 2. What is x(24)?
2
Let k(j) = -61*j + 119. Determine k(2).
-3
Let t(i) = i**2 - 14*i + 5. Determine t(7).
-44
Let a(i) = -2*i**2 + 2*i + 3. Determine a(5).
-37
Let p(l) = -3*l**2 - 10*l + 53. What is p(5)?
-72
Let x(z) = z**3 + 7*z**2 + 7*z - 1. What is x(-6)?
-7
Let q(b) = 10*b - 83. What is q(8)?
-3
Let i(h) = -20*h**3 + h**2 - 2*h + 1. Determine i(1).
-20
Let b(y) = 3*y**2 - 4*y + 2. Calculate b(2).
6
Let t(j) = -2*j - 3. What is t(-2)?
1
Let o(w) = -w**3 - 14*w**2 + 74*w + 43. Calculate o(-18).
7
Let r(a) = 13*a - 24. Calculate r(6).
54
Let g(q) = -q**2 - 41*q + 185. Determine g(-45).
5
Let x(o) = o**2 - 17*o. What is x(15)?
-30
Let l(m) = -3*m - 2. Give l(-3).
7
Let w(j) = -j**3 + 12*j**2 + j - 9. Calculate w(12).
3
Let i(y) = 7*y + 1. Give i(-1).
-6
Let t(p) = 2*p**2 - 6*p - 15. What is t(-2)?
5
Let s(w) = 27*w + 80. Calculate s(-6).
-82
Let l(q) = 8*q + 10. Determine l(-4).
-22
Let k(f) = -f**3 - 12*f**2 - 13*f - 15. What is k(-11)?
7
Let d(t) = -20*t**3 - 3*t**2 - t + 1. Give d(-1).
19
Let u(l) = -l**2 - 14*l + 97. What is u(-19)?
2
Let y(b) = -7*b + 4. Give y(8).
-52
Let b(v) = v**3 - 7*v**2 + 7*v - 7. Calculate b(5).
-22
Let t(f) = 3*f**3 - 14*f**2 - 25*f + 15. What is t(6)?
9
Let z(b) = b**3 + 28*b**2 + 50*b - 47. Give z(-26).
5
Let y(g) = g**2 - 12*g - 8. Calculate y(12).
-8
Let z(t) = t**3 + 15*t**2 + 29*t. Give z(-13).
-39
Let p(i) = -i + 73. What is p(31)?
42
Let z(i) = i**3 - 6*i**2 + 2. Determine z(6).
2
Let q(m) = m**3 + 12*m**2 - 6*m - 30. What is q(-12)?
42
Let t(n) = n**3 + 15*n**2 + 13*n - 14. Give t(-14).
0
Let n(o) = -o + 3. Give n(-5).
8
Let l(x) = -x**2 - 26*x - 68. Give l(-23).
1
Let x(v) = -v**2 + 2*v + 1. What is x(4)?
-7
Let y(u) = u**2 - 18*u + 9. What is y(12)?
-63
Let b(x) = -84*x + 665. What is b(8)?
-7
Let w(c) = c**3 + 9*c**2 - 15*c - 11. What is w(-10)?
39
Let b(d) = d**3 + 2*d**2 - d - 6. Calculate b(-3).
-12
Let y(m) = 2*m**2 - 30*m + 8. Calculate y(15).
8
Let m(n) = -n**3 - 8*n**2 - 11*n + 2. What is m(-7)?
30
Let n(q) = 14*q + 1. Calculate n(-1).
-13
Let j(c) = 5*c**2 - c + 2. Give j(1).
6
Let d(n) = -n**2 + 6*n + 24. Give d(7).
17
Let i(r) = -r**3 - 15*r**2 - 23*r - 31. Give i(-13).
-70
Let z(j) = j**2 + 8*j + 2. What is z(-11)?
35
Let z(t) = -6*t - 10. Determine z(8).
-58
Let n(o) = -o**2 - 17*o + 3. Give n(-17).
3
Let x(y) = 3*y**2 + 11*y + 20. Determine x(-2).
10
Let y(l) = l**3 + 11*l**2 - 3*l - 16. Determine y(-11).
17
Let x(l) = -26*l**3 - 2*l**2 - l - 1. What is x(2)?
-219
Let t(r) = 2*r**2 + 27*r + 7. Give t(-13).
-6
Let m(u) = -u**3 + 8*u**2 - 16*u - 3. Calculate m(5).
-8
Let x(z) = -z**2 + 5*z + 2. Give x(4).
6
Let s(b) = -b**2 + 22*b + 71. Calculate s(25).
-4
Let r(u) = u - 14. Calculate r(22).
8
Let p(b) = -3*b**2 - 9*b - 9. What is p(-6)?
-63
Let f(k) = -k**2 + 2*k + 13. Give f(-3).
-2
Let k(v) = -v**3 - 4*v**2 - 2*v. Give k(-3).
-3
Let c(p) = -58*p + 226. Give c(4).
-6
Let x(o) = 77*o**2 - 1. Determine x(-1).
76
Let t(k) = 25*k - 88. Determine t(3).
-13
Let n(y) = -y**3 - 7*y**2 - 7*y - 6. Calculate n(-5).
-21
Let f(s) = s**2 + 7*s + 8. Give f(-8).
16
Let f(t) = -t**2 + 6*t - 11. Determine f(6).
-11
Let o(z) = -6*z**2 - z. What is o(-1)?
-5
Let o(m) = -m**3 - 11*m**2 + m + 7. Determine o(-11).
-4
Let f(s) = s**3 - 17*s**2 - 17*s - 1. Give f(18).
17
Let r(x) = -x**2 + 1. Determine r(9).
-80
Let p(u) = 10*u - 20. Give p(4).
20
Let y(u) = 9*u**2 + u + 4. Determine y(2).
42
Let v(a) = a**3 - a**2 - 133*a + 17. Determine v(12).
5
Let z(k) = -2*k**2 + 9*k + 10. Give z(5).
5
Let v(c) = c**3 + 17*c**2 - 36*c + 47. Determine v(-19).
9
Let z(f) = -f**2 - 23*f + 75. What is z(-26)?
-3
Let v(p) = -p**2 + 13*p + 15. Determine v(14).
1
Let k(o) = 2*o**3 - 2*o**2 - o. Determine k(-1).
-3
Let t(z) = -14*z + 35. Give t(-7).
133
Let g(q) = 18*q + 38. Calculate g(-4).
-34
Let j(d) = -6*d + 9. Give j(2).
-3
Let c(v) = -v**2 - 8*v - 3. What is c(-5)?
12
Let c(s) = -113*s**2 - 3*s + 2. Calculate c(1).
-114
Let g(y) = -4*y + 9. Determine g(-4).
25
Let t(u) = -u**3 - 12*u**2 - 10*u + 6. Give t(-11).
-5
Let w(t) = -5*t + 106. What is w(20)?
6
Let h(j) = j**3 - 8*j**2 + 2*j + 27. Give h(6).
-33
Let g(p) = -3*p**2 + 21*p - 3. Give g(7).
-3
Let o(v) = v + 4. Calculate o(6).
10
Let g(v) = 4*v + 25. Calculate g(-5).
5
Let k(u) = -3*u + 3. Calculate k(5).
-12
Let v(a) = -a**3 + 15*a**2 + 19*a - 30. What is v(16)?
18
Let q(i) = -i**3 - 2*i**2 + 1. What is q(-2)?
1
Let s(x) = -4*x + 4. What is s(7)?
-24
Let z(r) = 4*r + 72. What is z(-21)?
-12
Let f(k) = -k**2 + 2*k - 11. Calculate f(0).
-11
Let h(r) = r**3 + 20*r**2 + 19*r - 3. Calculate h(-19).
-3
Let t(m) = -m**3 - 5*m**2 + 11*m + 26. Calculate t(-6).
-4
Let m(q) = -q - 23. Give m(-18).
-5
Let c(h) = -47*h - 1077. Calculate c(-23).
4
Let k(i) = -i**2 + 2*i - 3. Give k(4).
-11
Let x(a) = -3*a**2 - 5*a - 3. Calculate x(-2).
-5
Let x(i) = -12*i + 347. Determine x(29).
-1
Let s(p) = 5*p - 47. Give s(15).
28
Let n(c) = 11*c + 13. Determine n(-6).
-53
Let z(g) = 4*g**2 + 13*g + 24. Give z(-7).
129
Let v(g) = 19*g + 125. Give v(-7).
-8
Let f(v) = 2*v**2 + 40*v - 345. Determine f(7).
33
Let p(g) = 4*g**3 - 3*g**2 - 2*g + 3. Determine p(2).
19
Let h(x) = 2*x**2 - 43*x - 15. Calculate h(22).
7
Let g(v) = v**2 - 2*v - 4. Calculate g(-3).
11
Let v(s) = -s**2 + 12*s - 33. Determine v(7).
2
Let t(h) = -h - 10. Calculate t(-7).
-3
Let g(t) = -t**3 + 21*t**2 - 36*t - 51. Calculate g(19).
-13
Let k(c) = c**3 - 4*c**2 - 11*c - 2. Calculate k(6).
4
Let s(i) = -i - 5. Determine s(14).
-19
Let v(d) = 19*d + 465. What is v(-25)?
-10
Let m(t) = 6*t**2 + t. Give m(-2).
22
Let a(q) = 4*q - 13. Give a(6).
11
Let z(k) = k**3 + 1. Determine z(-1).
0
Let s(w) = w**3 + 16*w**2 + 51*w + 41. Determine s(-12).
5
Let c(x) = -x**2 - 45*x - 432. What is c(-13)?
-16
Let n(x) = -x**2 + 15*x - 24. Give n(4).
20
Let l(v) = 6*v**3 + v**2 - v + 3. Give l(2).
53
Let z(v) = -2*v**2 + 26*v - 7. Give z(13).
-7
Let m(x) = -x**3 + 6*x**2 - 10*x + 3. Calculate m(4).
-5
Let z(j) = 9*j - 16. Give z(-8).
-88
Let o(y) = y**3 - 2*y**2 - y + 39. Calculate o(0).
39
Let l(j) = 2*j**3 + 7*j**2 - 5*j + 5. Determine l(-4).
9
Let y(s) = s + 5. Determine y(-8).
-3
Let k(c) = -c**3 + 11*c**2 - 7*c - 4. Give k(10).
26
Let j(c) = 19*c - 128. Cal